**3. Give y(i).
-1
Let i(o) be the second derivative of -o**4/12 - 7*o**3/6 + o**2 + 11*o. Let k be 10/(-2) - (-76 + 76). Give i(k).
12
Let l(q) = -2*q**2 - 5*q - 2. Suppose -3*k - 6*z - 5 = -11*z, 3*k + 4 = 4*z. Give l(k).
-2
Let o(k) = -2*k - 2. Let n(v) = -46*v + 739. Let r be n(16). Let p(d) = 3*d - 1 - 3*d - d. Let s(y) = r*o(y) - 5*p(y). Determine s(-2).
1
Let j(b) be the third derivative of 0*b - 57*b**2 + 5/6*b**3 + 0 + 1/24*b**4. Give j(-5).
0
Let k be (21 + 0)*(160/120)/4. Let w(h) = h**3 - 5*h**2 + 3*h + 12. Calculate w(k).
131
Let k(t) = t - 1. Let w = 8886 + -8869. What is k(w)?
16
Let r = -75 + 77. Let v(y) = -r - 5 + 273*y + y**2 - 292*y. Determine v(19).
-7
Let q be 1836/594 + (-24)/22. Let b(i) be the first derivative of i + 1/2*i**q - 8. What is b(-4)?
-3
Let x(y) be the third derivative of -y**4/8 - 2*y**3/3 - 2*y**2. Suppose 12847 = -21*t + 12784. Calculate x(t).
5
Suppose -30*y + 28833 = 28863. Let r(s) be the third derivative of -17*s**6/120 + s**5/30 + s**4/24 + 4*s**2. Determine r(y).
18
Let u(h) = -5*h + 14. Let n = 530 + -525. Suppose -15*q = -100 - n. Determine u(q).
-21
Let y(n) = 2*n - 1. Suppose -3*m + 21 = -102. Let j(w) = m + 4*w - 10 - 15. Let o be j(-3). Calculate y(o).
7
Suppose 12 = 5*k - 2*k. Let w(q) = q**3 + q**2 - 30*q + 22. Let a(n) = -n**3 - 2*n**2 + 37*n - 26. Let p(r) = -4*a(r) - 5*w(r). Give p(k).
-14
Let g(h) = -8*h + 20. Let i(m) = m + 3. Let x(o) = -g(o) + 5*i(o). Let f(a) = -24*a + 11. Let q(k) = 6*f(k) + 11*x(k). Determine q(-9).
20
Let v(r) be the second derivative of -r**7/840 - r**6/72 - r**5/24 - r**4/12 + 29*r**3/3 - 87*r - 2. Let s(z) be the second derivative of v(z). What is s(-4)?
2
Let m(q) be the third derivative of -q**6/120 + 11*q**5/60 + q**3/3 + 37*q**2 + 79. What is m(3)?
74
Let o(v) be the third derivative of -v**5/20 - v**4/12 + v**3/2 - v**2. Suppose 46*y + 141 = 371. Let l be (-148)/(-370) - ((-13)/y - -1). Give o(l).
-13
Let t(g) = -9*g - 307. Let o = 274 - 309. Let r be t(o). Let p(w) be the third derivative of -w**4/12 - 3*w**3/2 - w**2. Give p(r).
-25
Let y(m) = -m + 1. Suppose 19 = i + 11. Suppose -8*g - i = -40. Suppose -5*b - 7 = k, -g*k - b = -2*b - 14. Determine y(k).
-2
Let c(r) = r**3 - 7*r**2 + r - 1. Let g = -146 - -148. Let o be 57/9 - g/(-3). Determine c(o).
6
Let z(s) = 8*s - 5. Let f be 20 + (-14 - 12) - (4 + -6). What is z(f)?
-37
Suppose 0 = -h + 4 - 0. Let m(y) be the first derivative of 3*y**2/2 - 3*y - 999. Calculate m(h).
9
Let p(d) = -5*d - 1. Let u(y) = -y + 1. Let t(w) = p(w) - 4*u(w). Let z(x) = 3*x + 29. Let q be z(-10). Let j be -10 + 3 - (q + -13). Give t(j).
-12
Let x = -131 + 133. Suppose 3*y + g - 1 + 7 = 0, -4*y - x*g = 6. Let n(j) = 2*j**2 + 5*j + 6. Calculate n(y).
9
Let c(y) = -19032732 + y**2 + 2*y + 19032716 + 3*y. Determine c(-6).
-10
Let l(k) = k**3 - 12*k**2 + 24*k - 4. Suppose 55*b + 41*b - 960 = 0. Calculate l(b).
36
Let f(q) = -85*q**2 - 27*q + 4. Let k(b) = 53*b**2 + 18*b - 4. Let z(y) = -5*f(y) - 8*k(y). Calculate z(8).
4
Let s(a) be the second derivative of -a**5/120 + 3*a**4/8 - 8*a**3/3 + 5*a - 3. Let k(r) be the second derivative of s(r). Determine k(-7).
16
Suppose -16 = 4*j, -2*r = -0*r + 4*j + 8. Let t(o) = 2*o. Let y be t(r). Suppose 6 = -l + y. Let h(p) = 4*p**2 - 4*p + 2. Determine h(l).
10
Let c(h) = -477*h - 7*h**2 - 10 - 475*h + 6*h**2 + 941*h. Give c(-16).
-90
Let f(z) = z**2 - z. Let q(n) = -8*n**2 + 24*n + 3. Let s(p) = 6*f(p) + q(p). Let u be s(9). Let d(o) = 4 - 2 + o**u - 6*o**2 - 2*o - 8 + 5*o. Give d(6).
12
Let k be (-542)/(-42) - (4 + (-516)/126). Let y(l) = -2*l + 21. Determine y(k).
-5
Let n(v) = 3*v - 2. Let o(d) = 15*d - 7. Let g(s) = -18*n(s) + 4*o(s). Calculate g(4).
32
Let f = -50 - -53. Let o(l) = -2*l - 4. Let z(i) = -5*i - 7. Let j(p) = f*z(p) - 7*o(p). Suppose -182*c = -179*c - 15. What is j(c)?
2
Suppose 2*c + y = -12 + 3, 2*c = 9*y - 79. Let u(z) = z**3 + 8*z**2 - 5*z - 26. Calculate u(c).
14
Let y(j) = j**3 + 10*j**2 + 13*j - 18. Let w = -7593 + 7585. Give y(w).
6
Let t(d) = -d**3 - 6*d**2 - 3*d + 7. Let l = -308 - 86. Let k = 389 + l. What is t(k)?
-3
Let g(r) = r**2 - 13*r + 8. Let t be g(13). Let i(m) be the first derivative of -m**4/4 + 8*m**3/3 - 1481. Determine i(t).
0
Suppose 3*y - 10*q = -86, -36 = -68*y + 69*y - 4*q. Let l(p) be the second derivative of -p**4/12 + p**3 + 7*p**2 - 2*p. Determine l(y).
-2
Let o = 91 + -84. Let u(x) = o + 2*x + 4*x - 2*x**2 - 10 + x**2. Give u(5).
2
Let u be (2070/1725)/((-2)/(-15)). Let w(y) = -8*y + 69. Calculate w(u).
-3
Let g(h) = h**2 - 6*h - 3. Let d be 18/2*10/(-15). Let w be d/2 - (-11 - -1). What is g(w)?
4
Let g(r) = r**2 + 13*r + 13. Let h be -15 + (-5)/25*-35 - 1*3. Give g(h).
-9
Let u(g) be the first derivative of -g**3/3 + g**2 - g + 8. Let r(v) = -v**3 - 6*v**2 - 6*v - 2. Let k be 10/(-4)*(17 + -15). Let o be r(k). Determine u(o).
-4
Let a(f) = -13441 + 65*f - 63*f + 6719 + 6740. Suppose -32 = 2*s + 2*s. Calculate a(s).
2
Let h(g) = g**2 - 27*g + 3. Suppose -578 - 101 = -27*z + 23. Calculate h(z).
-23
Let j be 5086/(-14) + ((-72)/(-28))/9. Let d = 372 + j. Let s(f) = -2*f + 12. What is s(d)?
-6
Let v(q) = 5*q**2. Let d be (6 - 5)*-1*(-3 - -2). Suppose 2*i - 3 = -3*l, 3*i - 5 = -4*l - d. What is v(l)?
5
Let d = 33825 + -33817. Let u(y) = 3*y**3 - 11*y**2 + 4*y + 6. Let t(r) = -r**3 + r**2 - r + 1. Let b(o) = 2*t(o) + u(o). What is b(d)?
-40
Let j(a) = -13*a + 6326 - 2*a**2 - 6315 + 40*a - 2*a**2. Give j(7).
4
Let q(y) = -4*y + 1. Let a = 29 + -30. Suppose 0 = 9*v - 4*v + 5. Let p be (v + 0)/a + 0. Give q(p).
-3
Let t(y) be the third derivative of -y**4/6 + y**3/3 + 6*y**2 + 17. What is t(-1)?
6
Let o(q) = -7*q. Suppose -32*s - 17*s = 0. Suppose -3*j + 8 = -a, s = -3*j - 14*a + 13*a - 2. Calculate o(j).
-7
Suppose -208*w - 28 = 5*b - 211*w, 2*b + 4*w = 20. Let n(a) = -6*a**2 + 2*a - 2*a - a. What is n(b)?
-22
Let t(c) be the second derivative of -c**5/20 - c**4/6 + 33*c**3/2 - c**2/2 + 12*c + 81. What is t(-11)?
-1
Suppose 5 = 13*x - 8*x, -4*x = -4*p - 32. Let q(n) = -3*n - 4*n + 22 + 6*n - 3*n. Let u(y) = 9*y - 45. Let d(i) = p*q(i) - 3*u(i). Calculate d(0).
-19
Let f = -2742 + 2742. Let q(i) = -i**3 - i**2 + 39. What is q(f)?
39
Let g(n) = -n - 56. Suppose 0*d + 12*d = -415 + 67. Give g(d).
-27
Let k(z) = z + 0*z + 5*z**3 + z**2 - 3*z**2. Let s(m) = m**3 - 4*m**2 - 25*m - 19. Let o be s(-1). Give k(o).
4
Let l be (-2*(22 - 2))/(-2). Let n(z) = 30*z - 31*z - 28 + l. Suppose -3*f - 2*d - 7 = 4, -5*d = 3*f - 4. Give n(f).
-1
Let z(r) = r**3 + 8*r**2 - 9*r - 13. Suppose 0 = -y - 3*s - 9, -5 + 4 = y + s. Let c be -6 - 6 - (y - 6). Give z(c).
-13
Let p(h) = 21*h - 10*h - 13*h - 944*h**2 - 1 - 949*h**2 + 1888*h**2. Determine p(3).
-52
Let a(h) = h**2 + 5*h - 6. Suppose 4*g + 27 + 21 = 0. Let b be 63/g + -2 + 2/8. Give a(b).
8
Let z(j) = j**2 - 11*j + 31. Let s be z(7). Let c(n) = 9*n + 5*n**2 - 15*n - 7*n**s + 9*n + 4 + 8*n**3. Calculate c(-4).
8
Suppose -2 = d, -12*z + 11*z + 1198 = 3*d. Let r(t) = -7 - t**3 + 600*t**2 - 8*t - z*t**2 + 599*t**2. Calculate r(-5).
33
Suppose 4*s + 5*m = 608, s - 4*m - 179 + 48 = 0. Let g = 149 - s. Let y(p) = -2*p + 2. Give y(g).
-2
Let f(i) = 4*i**2 + 4*i + 44. Let j(l) = -9*l**2 - 9*l - 88. Let m(x) = -7*f(x) - 3*j(x). Suppose 0 = -16*p - 277*p. What is m(p)?
-44
Let n(h) = -13*h - 35. Let s(l) = -14*l. Let q(o) = n(o) - s(o). Calculate q(32).
-3
Let s(w) = 244*w + 11945. Let u be s(-49). Let d(l) = l**3 + 9*l**2 - 18*l + 22. Give d(u).
-22
Let n(g) = 1. Let a(u) = u - 1. Let z(b) = -a(b) - 3*n(b). Suppose -s - 49 = 4*f - 0*s, -s = -4*f - 47. Let d be (1 - 14/21)/((-2)/f). Calculate z(d).
-4
Let g(o) = -2*o**2 + 6*o - 9. Let d(p) = -3*p**2 + 7*p - 9. Let s(r) = 3*d(r) - 4*g(r). Let u be s(-5). Let l(i) = -4*i**3. Calculate l(u).
4
Let w(g) = 11 + 6*g**2 - 1 - 6*g + g**3 - 3. Let x be w(-7). Let z(o) be the second derivative of o**3/6 + 11*o**2 + 165*o - 2. What is z(x)?
22
Let m(w) be the second derivative of -w**4/6 + w**3/6 - 52*w + 56. Suppose -2*p + 2 - 15 = -3*o, 0 = -5*o + 5*p + 30. What is m(o)?
-1
Let x(a) = 120*a**3 + 10*a + 28 + 6*a**2 + 12*a**2 - a**2 - 106*a**3. Let d(c) = -5*c**3 - 6*c**2 - 4*c - 10. Let u(r) = 11*d(r) + 4*x(r). What is u(2)?
10
Let t(r) = r**2 - 7*r + 2. Let o = -259 + 253. Let